{"id":48,"date":"2014-01-05T03:04:26","date_gmt":"2014-01-05T03:04:26","guid":{"rendered":"http:\/\/www.lunaventura.com.ar\/?page_id=48"},"modified":"2016-02-12T22:42:01","modified_gmt":"2016-02-12T22:42:01","slug":"enlaces","status":"publish","type":"page","link":"https:\/\/www.lunaventura.com.ar\/?page_id=48","title":{"rendered":"Enlaces y cr\u00e9ditos"},"content":{"rendered":"<p><strong>Enlaces de inter\u00e9s<\/strong><br \/>\n<a href=\"http:\/\/fwiya.com.ar\" target=\"_blank\"><img data-recalc-dims=\"1\" loading=\"lazy\" decoding=\"async\" data-attachment-id=\"49\" data-permalink=\"https:\/\/www.lunaventura.com.ar\/?attachment_id=49\" data-orig-file=\"https:\/\/i0.wp.com\/www.lunaventura.com.ar\/wp-content\/uploads\/2014\/01\/Fwiyalogo.jpg?fit=709%2C360&amp;ssl=1\" data-orig-size=\"709,360\" data-comments-opened=\"1\" data-image-meta=\"{&quot;aperture&quot;:&quot;0&quot;,&quot;credit&quot;:&quot;&quot;,&quot;camera&quot;:&quot;&quot;,&quot;caption&quot;:&quot;&quot;,&quot;created_timestamp&quot;:&quot;0&quot;,&quot;copyright&quot;:&quot;&quot;,&quot;focal_length&quot;:&quot;0&quot;,&quot;iso&quot;:&quot;0&quot;,&quot;shutter_speed&quot;:&quot;0&quot;,&quot;title&quot;:&quot;Fwiyalogo&quot;}\" data-image-title=\"Fwiyalogo\" data-image-description=\"\" data-image-caption=\"\" data-medium-file=\"https:\/\/i0.wp.com\/www.lunaventura.com.ar\/wp-content\/uploads\/2014\/01\/Fwiyalogo.jpg?fit=300%2C152&amp;ssl=1\" data-large-file=\"https:\/\/i0.wp.com\/www.lunaventura.com.ar\/wp-content\/uploads\/2014\/01\/Fwiyalogo.jpg?fit=709%2C360&amp;ssl=1\" class=\" wp-image-49 alignleft\" style=\"margin-left: 30px; margin-right: 30px;\" title=\"Colectivo Fwiya de joyer\u00eda contempor\u00e1nea\" src=\"https:\/\/i0.wp.com\/www.lunaventura.com.ar\/wp-content\/uploads\/2014\/01\/Fwiyalogo.jpg?resize=151%2C77\" alt=\"Colectivo Fwiya de joyer\u00eda contempor\u00e1nea\" width=\"151\" height=\"77\" srcset=\"https:\/\/i0.wp.com\/www.lunaventura.com.ar\/wp-content\/uploads\/2014\/01\/Fwiyalogo.jpg?resize=300%2C152&amp;ssl=1 300w, https:\/\/i0.wp.com\/www.lunaventura.com.ar\/wp-content\/uploads\/2014\/01\/Fwiyalogo.jpg?w=709&amp;ssl=1 709w\" sizes=\"auto, (max-width: 151px) 100vw, 151px\" \/><\/a><a href=\"http:\/\/muestrasfwiya.com.ar\"><img data-recalc-dims=\"1\" loading=\"lazy\" decoding=\"async\" data-attachment-id=\"61\" data-permalink=\"https:\/\/www.lunaventura.com.ar\/?attachment_id=61\" data-orig-file=\"https:\/\/i0.wp.com\/www.lunaventura.com.ar\/wp-content\/uploads\/2014\/01\/perfilfb.jpg?fit=236%2C236&amp;ssl=1\" data-orig-size=\"236,236\" data-comments-opened=\"1\" data-image-meta=\"{&quot;aperture&quot;:&quot;0&quot;,&quot;credit&quot;:&quot;&quot;,&quot;camera&quot;:&quot;&quot;,&quot;caption&quot;:&quot;&quot;,&quot;created_timestamp&quot;:&quot;0&quot;,&quot;copyright&quot;:&quot;&quot;,&quot;focal_length&quot;:&quot;0&quot;,&quot;iso&quot;:&quot;0&quot;,&quot;shutter_speed&quot;:&quot;0&quot;,&quot;title&quot;:&quot;&quot;}\" data-image-title=\"perfilfb\" data-image-description=\"\" data-image-caption=\"\" data-medium-file=\"https:\/\/i0.wp.com\/www.lunaventura.com.ar\/wp-content\/uploads\/2014\/01\/perfilfb.jpg?fit=236%2C236&amp;ssl=1\" data-large-file=\"https:\/\/i0.wp.com\/www.lunaventura.com.ar\/wp-content\/uploads\/2014\/01\/perfilfb.jpg?fit=236%2C236&amp;ssl=1\" class=\"alignleft wp-image-61\" src=\"https:\/\/i0.wp.com\/www.lunaventura.com.ar\/wp-content\/uploads\/2014\/01\/perfilfb.jpg?resize=142%2C142\" alt=\"perfilfb\" width=\"142\" height=\"142\" srcset=\"https:\/\/i0.wp.com\/www.lunaventura.com.ar\/wp-content\/uploads\/2014\/01\/perfilfb.jpg?w=236&amp;ssl=1 236w, https:\/\/i0.wp.com\/www.lunaventura.com.ar\/wp-content\/uploads\/2014\/01\/perfilfb.jpg?resize=150%2C150&amp;ssl=1 150w, https:\/\/i0.wp.com\/www.lunaventura.com.ar\/wp-content\/uploads\/2014\/01\/perfilfb.jpg?resize=184%2C184&amp;ssl=1 184w\" sizes=\"auto, (max-width: 142px) 100vw, 142px\" \/><\/a><\/p>\n<p>&nbsp;<\/p>\n<p>&nbsp;<\/p>\n<p>&nbsp;<\/p>\n<p>&nbsp;<\/p>\n<p>&nbsp;<\/p>\n<p><strong>Cr\u00e9ditos:<\/strong><\/p>\n<p>Sitio web: <a href=\"http:\/\/lauragiustiwebs.com.ar\" target=\"_blank\">Laura Giusti<\/a><\/p>\n<p>Fotograf\u00edas:<\/p>\n<p><a href=\"http:\/\/pablomehanna.com.ar\/\" target=\"_blank\">Pablo Mehanna<\/a><br \/>\n<a href=\"http:\/\/www.cwstudio.com.ar\/\" target=\"_blank\">Dami\u00e1n Wasser<\/a><\/p>\n<p><a href=\"http:\/\/www.alejandroventura.org\/\" target=\"_blank\">Alejandro Ventura<\/a><\/p>\n<p><a href=\"http:\/\/www.alejandroventura.org\/\" target=\"_blank\"><br \/>\n<\/a>Luna Ventura<\/p>\n","protected":false},"excerpt":{"rendered":"<p>Enlaces de inter\u00e9s &nbsp; &nbsp; &nbsp; &nbsp; &nbsp; Cr\u00e9ditos: Sitio web: Laura Giusti Fotograf\u00edas: Pablo Mehanna Dami\u00e1n Wasser Alejandro Ventura Luna Ventura<\/p>\n","protected":false},"author":1,"featured_media":0,"parent":0,"menu_order":0,"comment_status":"open","ping_status":"open","template":"","meta":{"jetpack_post_was_ever_published":false,"footnotes":""},"class_list":["post-48","page","type-page","status-publish","hentry"],"jetpack_shortlink":"https:\/\/wp.me\/P4bMP7-M","jetpack_sharing_enabled":true,"jetpack_likes_enabled":true,"_links":{"self":[{"href":"https:\/\/www.lunaventura.com.ar\/index.php?rest_route=\/wp\/v2\/pages\/48","targetHints":{"allow":["GET"]}}],"collection":[{"href":"https:\/\/www.lunaventura.com.ar\/index.php?rest_route=\/wp\/v2\/pages"}],"about":[{"href":"https:\/\/www.lunaventura.com.ar\/index.php?rest_route=\/wp\/v2\/types\/page"}],"author":[{"embeddable":true,"href":"https:\/\/www.lunaventura.com.ar\/index.php?rest_route=\/wp\/v2\/users\/1"}],"replies":[{"embeddable":true,"href":"https:\/\/www.lunaventura.com.ar\/index.php?rest_route=%2Fwp%2Fv2%2Fcomments&post=48"}],"version-history":[{"count":8,"href":"https:\/\/www.lunaventura.com.ar\/index.php?rest_route=\/wp\/v2\/pages\/48\/revisions"}],"predecessor-version":[{"id":284,"href":"https:\/\/www.lunaventura.com.ar\/index.php?rest_route=\/wp\/v2\/pages\/48\/revisions\/284"}],"wp:attachment":[{"href":"https:\/\/www.lunaventura.com.ar\/index.php?rest_route=%2Fwp%2Fv2%2Fmedia&parent=48"}],"curies":[{"name":"wp","href":"https:\/\/api.w.org\/{rel}","templated":true}]}}